1 - -4 - (-4 + 6).
4
What is (3 - -1) + 59 + -68?
-5
Evaluate 3 + (0 - 0) + 1.
4
Evaluate -2 + -4 + 2 + (-2 - -7).
1
What is the value of 16 + -14 + 0 + -2 + 6?
6
Calculate 1 + (-4 - 0) + -2 + 4.
-1
Evaluate 1 + -9 + 5 + 1 + 9.
7
Calculate 1 + 7 + (-13 - 0).
-5
Evaluate -7 + 4 - -4 - -4.
5
Calculate -6 + (3 - 1) + -1.
-5
What is -3 - 9 - (-9 + -1 + 7)?
-9
(-8 - (-6 - 5)) + 3
6
What is the value of -2 + 4 - (5 - 7)?
4
What is 2 + -9 - (0 + -4 - 9)?
6
Calculate -7 + (-8 - (-20 - 0)).
5
What is the value of 10 + -4 - 1 - 7 - -7?
5
What is the value of 2 + (-1 - (2 - 2 - -2))?
-1
What is the value of -2 - (1 + 4 + -7 + 5)?
-5
Evaluate 1 - (-9 + 6 + 1 + -1).
4
What is the value of (-7 - 3) + 6 - -9?
5
Evaluate 4 + (-2 - 1) + 4.
5
Evaluate (-3 - (-4 - -2)) + -2.
-3
Evaluate -5 - (-10 - (-7 - -8)).
6
What is 2 + (-4 - (5 - 4) - -1)?
-2
What is -21 + 25 - (-1 - -1)?
4
2 + 0 - -3 - 1
4
Evaluate -6 + 6 + 1 + -1.
0
What is (7 + -2 + -5 - -7) + 1?
8
Calculate 0 + -2 + (1 - -4) + 1.
4
Evaluate -64 + 59 - (0 + 0).
-5
What is -4 + 0 + 9 - (-1 - -1)?
5
Evaluate 3 + -1 + -2 - (-2 - -7).
-5
What is the value of 1 + 3 + -1 + (-191 - -189)?
1
Calculate 3 - (-3 - 1 - -4).
3
-8 - (3 - (17 + -4))
2
Evaluate (0 - 4) + 3 - (45 + -46).
0
What is -5 + 2 + 0 - -1?
-2
Calculate 34 + -28 - (5 + (2 - 4)).
3
What is (7 - 1) + (-2 - (-4 + 4))?
4
-6 + 1 - (-2 + 0 - -1)
-4
What is the value of 2 + 6 - (-28 - -33)?
3
What is -1 - (4 + 12 + -13)?
-4
(-18 - -30 - (7 - -1)) + -8
-4
What is 0 - (-2 + 6) - -4?
0
What is -1 + (5 - 8) + 0?
-4
Evaluate -11 + 7 - (0 - 1 - 4).
1
5 - 7 - (0 + (-1 - 2))
1
Calculate (5 + -6 - -3 - -4) + -1.
5
Calculate -2 - (11 + 1) - (-37 + 32).
-9
-32 - -28 - ((-12 - -2) + 2)
4
What is the value of 2 + 0 + -10 + (-15 - -19)?
-4
What is (2 - 4 - -3) + 19 + -17?
3
What is -1 + 3 - (0 + 4)?
-2
What is the value of 13 + -17 + -13 + 11?
-6
Calculate (5 - 4 - 2) + 6 + -14.
-9
Evaluate (45 - 43) + -2 + -2.
-2
What is 3 + (2 - 10 - (0 + 3))?
-8
What is 3 + (-10 + 8 - 5)?
-4
Calculate -6 + (3 - -1 - -4) + 5.
7
What is the value of -26 + 27 + (-3 - -1)?
-1
What is 0 + -2 + 0 - (66 + -71)?
3
What is the value of (-1 + (2 - 1) - -1) + 1?
2
What is -1 - (-4 + (0 - -6) + -4)?
1
What is 1 + -3 + (-1 - -3 - -3)?
3
Evaluate (6 + -3 - 1) + -2 + 0.
0
0 + 1 - 6 - -4
-1
What is (-1 - -2) + (-2 - (0 - 2))?
1
Calculate 4 - ((-2 - -2) + 4).
0
Evaluate (2 - -1) + -15 + 15.
3
What is the value of 30 - 33 - (0 + -9)?
6
3 - (2 - -2) - -4
3
What is the value of 2 + 7 - 2 - 7?
0
Evaluate 1 + 4 - 10 - -8.
3
Calculate (2 - (-1 - (-6 - -1))) + 5.
3
1 + -3 - (-4 + -7 + 6)
3
What is the value of (1 - 4) + 3 - 6?
-6
What is the value of -4 + (-5 - -5) + 3 + 3?
2
What is the value of 1 + (6 - (5 + (0 - -2)))?
0
What is the value of (-6 - -2) + 0 - (-8 + 4)?
0
Calculate -2 + 11 - 7 - (8 + -1).
-5
What is the value of (-7 - -2 - -1) + (0 - -2)?
-2
0 + 2 - -2 - (-201 + 203)
2
-3 - (-7 + 7) - 3
-6
Evaluate 10 + 1 + -15 + 6.
2
What is (1 - -6) + -3 + -10 + 12?
6
7 + -10 + 6 - 2
1
What is the value of 6 - (-1 + (6 - (-6 + 1)))?
-4
-8 + (8 - (-6 + 6))
0
What is -6 - (4 + 2 + -7)?
-5
What is 4 + -3 + 4 + (-2 - 9)?
-6
Evaluate 28 + -35 - (-1 - 2).
-4
Calculate (10 - (2 + -1 - -4)) + -3.
2
-1 - (5 - (3 - -3))
0
3 - ((38 - 34) + (0 - -1))
-2
14 - 12 - (-1 + 1)
2
Evaluate -7 + 3 + (3 - 0 - 3).
-4
What is -6 + -4 + 0 + 4?
-6
Calculate 0 - (2 + -2) - 5.
-5
What is the value of 9 + -5 + -1 + -6?
-3
Calculate 5 + (11 + 3 - 7) + -19.
-7
(-9 - (-5 - -3)) + 13
6
Calculate (-8 - -1 - 0) + 15 + -1.
7
Evaluate 9 + 12 + -17 - (1 - -1).
2
What is the value of (-6 - -3) + -3 + (0 - -2)?
-4
What is the value of 10 - 7 - (-1 - -7)?
-3
Evaluate 3 - (-2 + -2 - -2).
5
-8 - (5 + -21 + 15)
-7
What is the value of 3 - (-3 + 4) - 3?
-1
0 + -7 + (-5 - -7)
-5
What is the value of -3 + -1 - -4 - 5?
-5
Evaluate -3 - (-2 + -13 - (5 - 12)).
5
What is the value of -9 - (-7 + 18 + -21)?
1
What is the value of -2 + -6 + (18 - 13)?
-3
-2 + -4 - (-2 - 1) - 4
-7
Evaluate (-13 - -11) + (0 - -1).
-1
What is 4 - (5 + 1 - (-12 - -19))?
5
0 + -7 + 10 + -12
-9
What is the value of 5 - (-5 - (-17 - (-2 + 4)))?
-9
Calculate 5 - 3 - (2 - 6 - -1).
5
Calculate -10 + (-6 + 13 - 1).
-4
Calculate -7 - (3 - 7 - 2).
-1
Evaluate (4 - ((4 - 5) + 6)) + 4.
3
2 - ((4 - (5 + 6)) + 2)
7
(-15 - -19) + (5 - 10)
-1
What is the value of (13 + -5 - 1) + -6?
1
Evaluate 2 + 0 + -4 + (-2 - 1).
-5
Evaluate 3 + 3 + -3 + -18 + 13.
-2
Evaluate 0 + -2 + 5 + -5 + 2.
0
What is the value of 0 - (1 - 9 - -17)?
-9
What is the value of (-4 - (2 - 3)) + 5?
2
-5 + 5 - 8 - -10
2
What is (-5 + 3 - 0 - 4) + 4?
-2
Calculate -1 - -16 - (45 + -32).
2
-8 + 4 + -3 + 10
3
What is 3 - ((1 - (-1 - -3)) + -1)?
5
What is (-7 + 5 - (-2 - 4)) + -1?
3
What is (-11 - (-8 + -10)) + 0 + 1?
8
-1 + (-2 + -5 - -6)
-2
What is the value of 1 + (-3 - 6) - -12?
4
What is the value of 0 + 4 + -3 - 4?
-3
What is 11 - 15 - (3 + -2) - -8?
3
What is the value of (1 - -10) + (7 - 22)?
-4
Evaluate -2 - (-3 + (-2 - (3 + -5))).
1
Calculate -2 + 8 + (-3 - 0).
3
What is the value of (8 - 5) + -4 - (2 + -2)?
-1
What is the value of 2 + (-6 - (-1 - 4)) - -5?
6
Calculate (5 - 2) + -1 + 2.
4
Evaluate 3 + (3 - (-3 - -4)).
5
Calculate -6 + 0 - (50 + -54).
-2
What is (-5 - -9 - 4) + 11 + -4?
7
7 + 5 + -14 - -9
7
Calculate -1 + 12 + -10 + -1.
0
What is (-4 - -3 - -6) + -6 + 6?
5
3 - 5 - -1 - -5
4
What is the value of 6 + (1 - (13 - 12))?
6
Calculate 9 - 3 - (5 - 2) - 3.
0
What is 10 + (-3 - (-12 - -16))?
3
What is -6 - ((-2 - 10) + 0)?
6
Calculate 2 - (0 - 2 - (-7 - 0)).
-3
What is -299 + 284 + 2 + -2 + 5?
-10
What is the value of -1 + -7 + 7 + 1?
0
-6 - 2 - -7 - 4
-5
Calculate 6 - (5 + (-5 - -2)).
4
Evaluate -8 - ((-14 - -11) + -14).
9
(41 - 39) + 1 + -6 + -1
-4
1 + 6 - (-174 - -187)
-6
-7 + 5 + 1 + 4
3
What is 1 + (-3 - 1) - 1?
-4
-1 + 8 + (5 - 10)
2
What is the value of 5 + (-1 - -3) + -6 + 3?
4
Evaluate -1 + (-10 - (1 - 4) - -7).
-1
What is 1 - 4 - (2 + 1 + 0)?
-6
What is 13 - (-5 - -7 - -2)?
9
What is -2 - (-1 + -1) - -2?
2
Evaluate -1 + -10 + 3 + 9.
1
-15 + 7 + -1 + (11 - 9)
-7
2 + 2 + 0 + -2
2
-11 - ((-8 - -3) + -3)
-3
5 + -4 + -2 + 3
2
Evaluate -1 + 3 + (0 - (4 + -3)).
1
What is 4 + -1 - (3 - 1)?
1
What is the value of 15 + (-4 - 7) - (-6 + 1)?
9
What is -1 + 6 + -2 + 1 + -4?
0
Evaluate 1 + (2 + -5 - -2) - 3.
-3
0 + -5 + -29 + 36
2
What is (1 - 7) + -5 + 11?
0
What is the value of -6 + -7 + (1 - -3)?
-9
What is the value of (4 - 3) + -1 + 0?
0
-2 + -2 + 1 + 4
1
What is -7 - (4 + -8 + -7 + 13)?
-9
What is the value of 3 + 1 + -6 + 7?
5
What is the value of (2 - (5 + -2)) + 3?
2
Evaluate 0 + -3 - (-24 - -13).
8
-5 + (-10 - -7) - -5 - 4
-7
-16 + 8 + (1 - 1) - -16
8
17 + -10 + (-8 - -4)
3
What is 14 - (16 - 5) - (2 + 2)?
-1
3 - (4 + -3) - 3 - -1
0
Evaluate -6 + (-4 - -7) - (-1 - 2).
0
1 - 1 - (-80 - -74)
6
What is (6 + 0 - -3) + -7?
2
Calculate -6 + (-3 - -2) + 1 + 9.
3
Calculate (-14 - (-5 + -2)) + 8.
1
Calculate 5 + -3 + -1 + 1 + -6.
-4
Calculate 3 - (-5 + 8 - 3).
3
-5 + (18 - (13 + -6))
6
Calculate (-4 - 2 - -15 - 1) + -6.
2
4 + 1 + (-8 - (2 + 1))
-6
What is (-5 - -4) + -2 + -2?
-5
What is the value of -4 - 1 - (7 + -14 - -5)?
-3
-3 + (3 - (9 + -3)) + 11
5
Calculate 1 + (-3 - -2) + (36 - 34).
2
What is the value of (-6 + 1 - (7 - 11)) + 9?
8
What is (-4 + 6 - -1) + 2?
5
Evaluate -6 + 9 + 2 + -9.
-4
(8 - 4) + -1 + (-7 - -6)
2
What is the value of 5 + 0 + (38 - 39)?
4
Calculate (10 - 12) + 8 - 7.
-1
Evaluate 65 + -59 + (-9 - (1 - -1)).
-5
2 + (0 - 2) - -1
1
-3 + 5 - 0 - 1
1
What is the value of 6 - (-3 + -1 - (14 + -22))?
2
Calculate 0 - 8 - -4 - -5.
1
Evaluate 29 + 2 + -15 + -5.
11
What is -2 - -5 - (-4 - (2 - 7))?
2
What is the value of 1 - (-1 - (4 + -4))?
2
What is 5 - 2 - (-5 + 7 - 1)?
2
(7 - -1) + (-14 - -1) + 6
1
Calculate 3 - (3 + (-1 - -1)).
0
Calculate (1 + -4 - -6) + -1 + 2.
4
Calculate 2 + -6 - (-1 - 2).
-1
What is -2 - (5 + -10 + 6)?
-3
Evaluate -7 + 3 - (0 + 0 + -4).
0
0 + (6 - 10) + 2 + -2
-4
What is the value of -1 + 8 + (-33 - -21)?
-5
Evaluate (1 - 1) + 0 + (27 - 25).
2
-1 + 2 - (2 - 6 - -1)
4
2 - (1 + (-2 - 3 - -2))
4
Evaluate (-2 - (3 + -6 - -1)) + -2.
-2
14 + -2 - (13 - (-4 + 13))
8
What is (11 + -2 - (-12 - -15)) + 2?
8
Calculate (1 - 5) + 11 + (-3 - 3).
1
Evaluate 1 + (-10 - -5 - -7) + -1.
2
